t z(l) = 3*l**3 - 6*l**2 + 2*l + 1. Let h be z(2). Suppose -f + 1 = 2*q, 0*f = f - h*q + 13. Does 11 divide 73 + f/6*2?
False
Suppose -11*q = -45740 + 9704. Is 13 a factor of q?
True
Suppose -5*y - 97 = 3. Does 65 divide 100/4*(-52)/y?
True
Let z(m) = 2*m**3 - 8*m**2 - 58*m - 5. Is z(8) a multiple of 18?
False
Let d(o) = o**3 - 9*o**2 - 2*o + 10. Let l be d(9). Let v(k) = k**2 + 10*k + 12. Let y be v(l). Is y/(-6) + (-1150)/(-75) a multiple of 11?
False
Suppose -h = -3*h - p + 1, -3*p - 5 = 2*h. Let y = 446 - 182. Suppose -h*d - d = -y. Is 15 a factor of d?
False
Let u = 173 - 161. Suppose u*b + 51 = 15*b. Does 2 divide b?
False
Suppose -409*t = -403*t - 26292. Is 11 a factor of t?
False
Does 3 divide 6/10 - (-25532)/130?
False
Let j be -4*(-654)/120 + (-2)/(-10). Suppose 28184 = j*b + 5040. Is b a multiple of 38?
False
Let a(q) = 8*q**3 - 7*q**3 - 4*q - 15*q - q - 16. Is a(7) a multiple of 16?
False
Suppose -6*o + 1759 + 2240 = -1803. Does 3 divide o?
False
Suppose -3*v + 2*c + 4 = -2*v, -5*c - 10 = -2*v. Suppose 3*q + 5*y - 28 = v, 0*q - 5*q + 51 = 4*y. Let p = 36 - q. Is 17 a factor of p?
False
Suppose -303*g - 840 = -307*g - m, 4*g - 836 = -2*m. Does 5 divide g?
False
Let c(n) = 231*n - 119. Let j = -355 + 358. Is c(j) a multiple of 21?
False
Suppose -41*p + 23*p + 272976 = 15*p. Is p a multiple of 18?
False
Let l = -326 - -119. Let k = l - -261. Is 11 a factor of k?
False
Let h = 23358 + -19917. Is 37 a factor of h?
True
Let l(y) = -y**3 - 10*y**2 - 8*y + 13. Let p be l(-9). Suppose 496 = 2*b + 3*m, 1000 = p*b + 2*m + 2*m. Is 32 a factor of b?
False
Suppose a - n - 34 - 20 = 0, -a + 24 = 5*n. Let b = -72 + 205. Let w = b - a. Is w a multiple of 14?
True
Let d be 2/(-25) - 1770/(-250). Suppose d*l - 924 = 5*l - 3*j, -5*l + 2360 = -5*j. Does 39 divide l?
True
Let v(j) be the second derivative of 4*j**3/3 + 25*j**2/2 + 49*j. Is 13 a factor of v(14)?
False
Suppose -354 = 26*u - 198. Let q(z) = -7 + 46 + 7*z - 5*z - 6*z. Is 7 a factor of q(u)?
True
Let t be 1827/39 + (-26)/(-169). Suppose 653 = s - t. Is s a multiple of 20?
True
Let l = -19 + -61. Suppose -5*q + 5 = 0, -11*b + 2*q = -12*b + 130. Let t = l + b. Does 3 divide t?
True
Suppose 0 = m - 3*n - 11, n = -1 - 1. Suppose -3*k - 102 = -4*f, 5*f + k - m*k = 127. Suppose -333 = -4*t + f. Is t a multiple of 30?
True
Let d = 7 + -79. Let r(c) = 2*c**3 + 2*c**2 - 34*c - 98. Let j be r(-6). Let z = d - j. Is 16 a factor of z?
False
Suppose -2301*d + 2304*d = 264. Suppose q + 3*q = -f + 232, 2*q = -2*f + 122. Suppose -g = z - q, -5*g + 5*z + 167 = -d. Is 12 a factor of g?
False
Suppose -12*v + 9*v + 60 = 0. Let n = 24 - v. Does 14 divide 123 + n + (2 - 4) + -1?
False
Let z = 1236 - -109. Suppose z = 5*d + 5*y, -4*d + 0*y + 1064 = y. Does 8 divide d?
False
Suppose 4*b + 840 = -5*d, 4*d + 420 = -13*b + 11*b. Is b*(1 + (-5)/2) a multiple of 65?
False
Let l(n) be the second derivative of 7*n**3/3 + 5*n**2 + n - 4. Is 27 a factor of l(7)?
True
Suppose 5*x = 5*w + 1378 + 262, -4*w = -2*x + 654. Suppose -h - 2*u = -x, -2*h - 4*u = 2*h - 1296. Is 11 a factor of h?
True
Let g(p) be the second derivative of 5*p**3/6 + p**2 - 41*p. Let m be g(0). Let o = m - -36. Does 19 divide o?
True
Let c = -659 + 2476. Is c a multiple of 38?
False
Let t be -3 + (-50 + 54 - (-2 + 0)). Let g = -1 + 4. Suppose t*c + 7*m - 108 = g*m, -c = m - 36. Is c a multiple of 6?
True
Let w = 6471 + -3832. Does 11 divide w?
False
Suppose 24 = -25*j + 31*j. Suppose -228 = -j*g - g + 3*k, 3*k + 84 = 2*g. Does 48 divide g?
True
Let q = 20214 - 15844. Is q even?
True
Suppose 0 = 4*o + 8, 4*z - 4*o = -z + 18. Let v be -1 - z/(10/(-15)). Suppose 3*u - 110 = v*u. Is 22 a factor of u?
True
Suppose -3*l + v + 9 = 4*v, -v + 1 = 0. Let z be l/(-2) + (4 - -2). Suppose t - 18 = -z*p, 7*t = 4*t - 5*p + 64. Is t a multiple of 2?
False
Let i(v) = -5*v + 39. Suppose -4*a - 30 = 42. Let t be i(a). Let q = t + -75. Is q a multiple of 12?
False
Let k(d) be the second derivative of d**4/12 - 7*d**3/6 - 10*d**2 + 15*d. Let c be k(8). Is 37 a factor of 2 + ((-158)/(-3))/((-4)/c)?
False
Let a = 29 - 5. Let p = 39 - a. Suppose 564 = p*s - 11*s. Does 10 divide s?
False
Suppose 2*g = 2*k + 718, -17*k + 15*k = 8. Let i = g + -40. Does 11 divide i?
False
Let d = 73 + -69. Suppose -3*y + k = -138, -d*k - 34 = -y + 12. Is 46 a factor of y?
True
Suppose -6264 = 54*k - 62*k. Let t = -70 + k. Is 30 a factor of t?
False
Let u = -3836 + 9890. Is 10 a factor of u?
False
Suppose 3*o = -2*o - i - 60, 0 = -o - 5*i + 12. Is 13 a factor of (-26)/(5/117 - (-2)/o)?
True
Let d(m) = -m - 1. Let t be d(3). Let r(x) = -3 + 7*x - 13*x + 0*x - x**2 + 0*x. Is r(t) a multiple of 4?
False
Let x = -413 - -4. Let g = 250 + x. Let j = g + 244. Is j a multiple of 15?
False
Suppose 0 = 5*z - 4*l + 6, -5 = 6*z - 4*z + l. Is 2 a factor of z*111/(-24) - 21/84?
False
Suppose 4*j + 8 = -8. Let t be 42/j*240/(-18). Suppose 5*w - 85 = t. Is 9 a factor of w?
True
Let n = 570 + -570. Suppose -39*g + 3*g + 13356 = n. Is g a multiple of 7?
True
Let z(w) = -w**2 - 229*w + 8580. Does 20 divide z(0)?
True
Let y(k) = 2*k**2 + 35*k + 20. Let t be y(-17). Let h be 2 - (3 + (0 - -3)). Does 3 divide t - (2 + 42/h*2)?
False
Let m = 986 - 861. Suppose 0 = -2*h + h + 109. Let j = m - h. Is j a multiple of 8?
True
Let t(f) = f + 10 - 76*f**2 + 58*f**2 - 24 + f**3. Let m be t(18). Suppose 0 = 7*k + m*k - 517. Is 8 a factor of k?
False
Let g(v) = -1477*v**2 - 12*v - 24. Let n be g(-2). Is n/(-35) + 8/(-10) a multiple of 8?
True
Suppose -5*q + 3805 = -2*c, -q - 5*c - 738 = -2*q. Suppose -q = -16*w - 3339. Is 39 a factor of -5 + (w + -1)/(-2)?
False
Let k(h) = -48*h + 5. Let n be k(-1). Suppose n*j - 57*j = 0. Suppose 3*t - 310 + 31 = j. Is 31 a factor of t?
True
Suppose -3*n = -2*t + 4397, 6*t - n = 9*t - 6601. Is t a multiple of 11?
True
Suppose -99*l = -98*l - 4*o - 4052, 0 = 3*l - 5*o - 12114. Is 24 a factor of l?
False
Let y(s) = -54*s**2 - 9*s + 3. Let l be y(-5). Let m = -741 - l. Is 33 a factor of m?
True
Suppose 11*a + 2 = 12*a. Does 34 divide 336 - (1*2)/((-1)/a)?
True
Let k(u) = 3*u**2 - 9*u + 7. Suppose -2*j - p + 42 = 4*p, -5*j = 5*p - 120. Suppose -6*v - j = 22. Is k(v) a multiple of 47?
False
Let p(c) = 21*c**2 + c + 2. Suppose -4*y = -5*h + 121 - 359, 3*y = h + 52. Let x = -47 - h. Is 5 a factor of p(x)?
False
Is 26 a factor of 3/((38/1092)/19)?
True
Does 78 divide -1206*(-3)/24*28?
False
Let z(m) = 6*m**2 + 19*m + 8. Let h be z(-4). Let l be (-93)/5 + 4/(-10). Let s = h + l. Is s a multiple of 2?
False
Suppose -2*s = 3*h - 9954, 151*s - 153*s + 9964 = -2*h. Is 19 a factor of s?
False
Is 6/(-9)*(-549594)/76 a multiple of 30?
False
Let o(l) = 2*l - 2*l + 3*l - 4 - 7. Let c(u) = -u**3 + 4*u**2 + 3*u - 5. Let y be c(4). Does 7 divide o(y)?
False
Suppose 0 = 4*k - 586 - 82. Let j = k - 137. Is 5 a factor of j?
True
Let w = 459 + -299. Let t = w + 115. Is t a multiple of 25?
True
Let j = -177 + 496. Let b = j + -196. Does 10 divide b?
False
Suppose -3*n + 3*m = -2*m - 610, 0 = -4*m - 8. Let p = n + -109. Is 36 a factor of p?
False
Let j(o) be the second derivative of o**6/144 - 7*o**5/60 + o**4/2 - 7*o. Let s(z) be the third derivative of j(z). Does 9 divide s(6)?
False
Suppose 47 = x - 2*v, -2*v = x - 0*x - 35. Let l = x - 36. Suppose k = 2 + l. Is k a multiple of 7?
True
Suppose 0*c + 20 = 3*c + 5*x, 13 = 3*c - 2*x. Suppose -13*u + 9*u + 4200 = 2*j, j + 5250 = c*u. Does 13 divide u?
False
Let i = 58413 + -41017. Suppose 0 = -52*r + 15052 + i. Is 24 a factor of r?
True
Let m = 107 - 71. Suppose 4*d + 5*d - m = 0. Is 34 a factor of ((d/(-2))/2 - 62)*-3?
False
Let i(u) = 3*u**2 - 24*u - 142. Does 95 divide i(-34)?
False
Let o(l) = 2*l + 25. Let j(x) = x**3 - 15*x**2 + 5. Let h be j(15). Suppose 0 = h*k - k - 44. Does 5 divide o(k)?
False
Let b be 12*(-3 + (-9)/(-4)). Does 3 divide 50/6 + ((-6)/b - 0)?
True
Suppose 5*l - 518 = -53. Suppose -89*h - 408 = -l*h. Is h even?
True
Let y be 5 + -4 + 5 + -4. Let f(r) = r**2 - 19*r + 16. Let a(b) = -3*b**2 + 39*b - 31. Let w(q) = y*a(q) + 5*f(q). Is w(-15) a multiple of 12?
True
Let p be (9/3 - 4 - 1) + 2. Let z be -7 + 7 - (p - -3) - -672. Suppose 2*r = -r - 2*v + 391, 0 = 5*r - v - z. Is 10 a factor of r?
False
Let x(a) = a**2 + 14*a - 11. Let d be x(-23). Supp